{"id":31,"date":"2018-07-18T09:52:19","date_gmt":"2018-07-18T09:52:19","guid":{"rendered":"http:\/\/mmt.ase.ro\/?page_id=31"},"modified":"2024-07-09T16:07:03","modified_gmt":"2024-07-09T16:07:03","slug":"despre","status":"publish","type":"page","link":"https:\/\/mmt.ase.ro\/index.php\/despre\/","title":{"rendered":"Despre"},"content":{"rendered":"<div id=\"pl-31\"  class=\"panel-layout\" ><div id=\"pg-31-0\"  class=\"panel-grid panel-no-style\" ><div id=\"pgc-31-0-0\"  class=\"panel-grid-cell\" ><div id=\"panel-31-0-0-0\" class=\"so-panel widget widget_sow-editor panel-first-child panel-last-child\" data-index=\"0\" ><div\n\t\t\t\n\t\t\tclass=\"so-widget-sow-editor so-widget-sow-editor-base\"\n\t\t\t\n\t\t>\n<div class=\"siteorigin-widget-tinymce textwidget\">\n\t<blockquote><p>Prin misiunea asumat\u0103<em>,<\/em> aceea de a transcede limitele cunoa\u015fterii \u015ftiin\u0163ifice \u00een domeniul managementului si marketingului in turism \u015fi de a preg\u0103ti speciali\u015fti de \u00eenalt\u0103 calificare \u00een domeniul practicii \u015fi al cercet\u0103rii \u00een marketingul, programul se \u00eencadreaz\u0103 \u00een coordonatele misiunii generale a A.S.E., de a crea, valorifica \u015fi disemina cuno\u015ftin\u0163e, prin dezvoltarea unui mediu de cercetare \u015fi \u00eenv\u0103\u0163\u0103m\u00e2nt bazat pe excelen\u0163\u0103, \u00een care atragerea, dezvoltarea \u015fi promovarea valorilor \u015ftiin\u0163ifice \u015fi didactice primeaz\u0103.<\/p>\n<p>\u00cen contextul ader\u0103rii Rom\u00e2niei la Uniunea European\u0103 se resimte acut at\u00e2t necesitatea studierii noilor paradigme lansate de construc\u0163ia european\u0103, inclusiv \u00een domeniul managementului si marketingului diferitelor organiza\u0163ii ce ofera servicii turistice, c\u00e2t \u015fi necesitatea preg\u0103tirii unor speciali\u015fti \u00een management si marketing cu o larg\u0103 deschidere spiritual\u0103, capabili s\u0103 \u00een\u0163eleag\u0103 \u015fi s\u0103 valorifice oportunit\u0103\u0163ile ce decurg din integrarea din ce \u00een ce mai profund\u0103 a Rom\u00e2niei \u00een Europa \u015fi \u00een economia global\u0103.<\/p>\n<p>\u00cen cadrul acestui master sunt bineveni\u0163i at\u00e2t absolven\u0163ii specializ\u0103rii ciclului de licen\u0163\u0103 \u201eTurism - Servicii\u201d si \u201eMarketing\u201d care doresc s\u0103 \u00ee\u015fi aprofundeze cuno\u015ftin\u0163ele \u00een domeniul strategiilor de management si marketing aplicabile \u00een organiza\u0163iile rom\u00e2ne\u015fti \u015fi interna\u0163ionale, c\u00e2t \u015fi absolven\u0163ii altor specializ\u0103ri economice sau chiar din afara sferei economice (sociologi, filologi, juri\u015fti etc.), care doresc s\u0103 \u00ee\u015fi reorienteze cariera \u015fi simt nevoia unor cuno\u015ftin\u0163e de specialitate \u00een domeniul managementului si marketingului turistic. Absolven\u0163ii acestui program de masterat dob\u00e2ndesc pe parcursul celor patru semestre abilit\u0103\u0163i sporite pentru func\u0163iile de top \u015fi middle management.<\/p>\n<p><strong>Programul se desf\u0103\u0219oar\u0103 \u00een cadrul Centrului teritorial Buz\u0103u.<\/strong> <\/p><\/blockquote>\n<\/div>\n<\/div><\/div><\/div><\/div><div id=\"pg-31-1\"  class=\"panel-grid panel-no-style\" ><div id=\"pgc-31-1-0\"  class=\"panel-grid-cell\" ><div id=\"panel-31-1-0-0\" class=\"so-panel widget widget_sow-testimonials panel-first-child panel-last-child\" data-index=\"1\" ><div\n\t\t\t\n\t\t\tclass=\"so-widget-sow-testimonials so-widget-sow-testimonials-default-b353c6cd8634-31\"\n\t\t\t\n\t\t><div class=\"sow-testimonials\">\n\t\t\t\t\t<div class=\"sow-testimonial-wrapper sow-user-left sow-layout-side\">\n\t\t\t<div class=\"sow-testimonial\">\n\t\t\t\t\n\t\t\t\t<div class=\"sow-testimonial-user\">\n\t\t\t\t\t\t\t\t\t\t<div class=\"sow-image-wrapper sow-image-wrapper-shape-round\">\n\t\t\t\t\t\t\t\t\t\t\t\t<div class=\"sow-round-image-frame\" style=\"background-image: url( https:\/\/mmt.ase.ro\/wp-content\/uploads\/2020\/07\/or_mmt_test1.jpg );\"><\/div>\t\t\t\t\t\t\t\t\t\t\t<\/div>\n\t\t\t\t\t\n\t\t\t\t\t<div class=\"sow-text\">\n\t\t\t\t\t\t\t\t\t\t\t\t\t<span class=\"sow-testimonial-name\"><strong>Oana Racaru - sefa promotie 2020<\/strong><\/span>\n\t\t\t\t\t\t\t\t\t\t\t\t\t\t\t\t\t\t\t\t\t\t\t\t\t\t\t\t\t<\/div>\n\t\t\t\t<\/div>\n\n\t\t\t\t\t\t\t\t\t<div class=\"sow-testimonial-text\">\n\t\t\t\t\t\t<pre><span lang=\"RO\">\"Parcursul meu ca student\u0103 la masteratul de Management \u0219i Marketing \u00een Turism a fost unul foarte lin, ca \u0219i cum m\u0103 aflam pe drumul potrivit \u00eenc\u0103 de la decizia de a-l urma (\u00een condi\u021biile \u00een care veneam de la o facultate cu alt\u0103 specializare). Am \u00eenceput s\u0103 iubesc turismul \u0219i antreprenoriatul de dinainte s\u0103 le \u00eenv\u0103\u021b \u00eentr-o institu\u021bie academic\u0103. Aveam propriul blog de c\u0103l\u0103torii (TravelHolyc) \u0219i \u00eemi doream s\u0103 dezvolt ceva \u00een direc\u021bia turismului. Am ales \u00een cuno\u0219tin\u021b\u0103 de cauz\u0103, nu pentru c\u0103 trebuia s\u0103 urmez un masterat, ci pentru c\u0103 \u00eemi doream s\u0103 urmez ACEL masterat. A\u0219a c\u0103 Facultatea de Business \u0219i Turism, a\u0219a cum \u00eei spune \u0219i numele, promitea s\u0103-mi ofere exact reperele de care aveam nevoie.<\/span>\n\n<span lang=\"RO\">Pot spune c\u0103 mi-a \u00eent\u00e2lnit a\u0219tept\u0103rile: pe de-o parte, faptul c\u0103 la multe materii am putut \u00eembina teoria cu practica m-a ajutat s\u0103 \u00een\u021beleg turismul din Rom\u00e2nia \u0219i din lume \u00een ziua de ast\u0103zi (\u0219i din punctul de vedere al angajatului, \u0219i din cel al antreprenorului), pe de alt\u0103 parte am avut ocazia s\u0103 cunosc, al\u0103turi de colegii mei, persoane din industrie, oameni cu viziune, la fel de pasiona\u021bi de acest domeniu \u00een ve\u0219nic\u0103 schimbare, care nu te las\u0103 vreodat\u0103 s\u0103 te plictise\u0219ti. A fi \u0219ef de promo\u021bie este, evident, o realizare, dar, \u00een acela\u0219i timp, efortul sus\u021binut a fost alimentat \u0219i de faptul c\u0103 f\u0103ceam ceea ce \u00eemi place!\"<\/span><\/pre>\n\t\t\t\t\t<\/div>\n\t\t\t\t\t\t\t<\/div>\n\t\t<\/div>\n\t<\/div>\n<\/div><\/div><\/div><\/div><\/div>","protected":false},"excerpt":{"rendered":"<p>Prin misiunea asumat\u0103, aceea de a transcede limitele cunoa\u015fterii \u015ftiin\u0163ifice \u00een domeniul managementului si marketingului in turism \u015fi de a preg\u0103ti speciali\u015fti de \u00eenalt\u0103 calificare \u00een domeniul practicii \u015fi al cercet\u0103rii \u00een marketingul, programul se \u00eencadreaz\u0103 \u00een coordonatele misiunii generale<\/p>\n","protected":false},"author":1,"featured_media":0,"parent":0,"menu_order":0,"comment_status":"closed","ping_status":"closed","template":"","meta":{"footnotes":""},"class_list":["post-31","page","type-page","status-publish","hentry"],"_links":{"self":[{"href":"https:\/\/mmt.ase.ro\/index.php\/wp-json\/wp\/v2\/pages\/31","targetHints":{"allow":["GET"]}}],"collection":[{"href":"https:\/\/mmt.ase.ro\/index.php\/wp-json\/wp\/v2\/pages"}],"about":[{"href":"https:\/\/mmt.ase.ro\/index.php\/wp-json\/wp\/v2\/types\/page"}],"author":[{"embeddable":true,"href":"https:\/\/mmt.ase.ro\/index.php\/wp-json\/wp\/v2\/users\/1"}],"replies":[{"embeddable":true,"href":"https:\/\/mmt.ase.ro\/index.php\/wp-json\/wp\/v2\/comments?post=31"}],"version-history":[{"count":16,"href":"https:\/\/mmt.ase.ro\/index.php\/wp-json\/wp\/v2\/pages\/31\/revisions"}],"predecessor-version":[{"id":184,"href":"https:\/\/mmt.ase.ro\/index.php\/wp-json\/wp\/v2\/pages\/31\/revisions\/184"}],"wp:attachment":[{"href":"https:\/\/mmt.ase.ro\/index.php\/wp-json\/wp\/v2\/media?parent=31"}],"curies":[{"name":"wp","href":"https:\/\/api.w.org\/{rel}","templated":true}]}}